+ n. Suppose 2*g - 6*g = -y. Is g prime?
False
Let k(u) = u**3 - 7*u**2 + 7*u - 10. Let s be k(6). Let h be 112/21*(-6)/s. Let i(y) = -y**3 + 10*y**2 - 7*y + 7. Is i(h) a prime number?
True
Suppose -2*a - 5*a = -21. Let n(g) = g + g + 8 + a*g. Is n(9) prime?
True
Let l(w) = 6*w**2 - w. Let g be l(-25). Suppose 48*z - 53*z = -g. Is z composite?
True
Suppose 0 = -16*k + 10491 + 9557. Is k a composite number?
True
Let o = 4236 + -2915. Suppose 3*j = -12, -2*j + 5765 = 2*t - o. Is t a composite number?
False
Let o(z) = -261*z - 5. Let b(k) = 523*k + 10. Let a(u) = -6*b(u) - 13*o(u). Is a(6) composite?
True
Is 500/(((-6)/33)/(-2)) - -1 composite?
False
Let q(d) = d**2 - 9*d + 21. Let y be q(6). Let g(a) = 1264*a + 1. Is g(y) composite?
False
Is (-6150688)/(-511) - (-3)/7 prime?
True
Let u = 14346 - -9023. Is u a composite number?
False
Suppose 2*s - 940 = -3*s. Let h = 3 + s. Is h composite?
False
Is 122*(-70)/(-5) + (-4 - -2) prime?
False
Let i = -75 + 101. Suppose 0 = -24*z + i*z - 1126. Is z a composite number?
False
Let g(h) = h - 5. Let w be g(6). Let x be w/2 + (-40161)/(-22). Suppose -k - 5*p + x = 0, -9020 = k - 6*k - 3*p. Is k a prime number?
True
Is (4065 - 3)/(5/(35/14)) composite?
True
Suppose 60 = -2*t - 3*t. Let p be (-9)/54 + (-242)/t. Suppose 5*d - p = -b, -d - 39 = -b - 1. Is b a prime number?
False
Suppose -5*k - 42 = -k + 2*t, -2*k - 2*t - 24 = 0. Let w = k + 13. Suppose -2*f + 23 + 42 = p, w*p + 2*f = 278. Is p a composite number?
False
Let r = 86 + -49. Suppose 651 = -r*s + 40*s. Is s a prime number?
False
Let u(j) = 291*j**3 - 2*j**2 - 11*j + 10. Let l be u(4). Let x = l + -10565. Is x a composite number?
False
Suppose -5*d + 2*u + 5322 = 0, d - 5*u + 1086 = 2*d. Let j = 2229 - d. Is j a prime number?
True
Let m(x) be the third derivative of -x**6/30 + x**5/20 - x**4/24 + x**3/2 + 4*x**2. Let p be m(-4). Suppose -6 - p = -b. Is b prime?
True
Suppose -4*a - 5*j + 36 = 0, 6*a - 4*a - 20 = -3*j. Suppose a*h - 1241 = 147. Is h a composite number?
False
Let r be 2 - 3*(30/9 + -2). Let y = -406 - -218. Is y/(r + -3 + 3) a prime number?
False
Let l = 9 + -7. Is 115 + (2 - 6) + l a prime number?
True
Is (-229574)/(-8) - (-5)/20 composite?
False
Is ((-3)/18*-3)/((-10)/(-111660)) composite?
True
Suppose -43*m + 129032 = -35*m. Is m prime?
False
Let z = 504 - -20. Let n = 1527 - z. Is n prime?
False
Let v(s) = 2*s**3 - 4*s**2 + s. Let l be v(2). Let h be 3/l - 2823/(-6). Let n = h + -287. Is n prime?
False
Let f = 8860 - 4581. Is f a composite number?
True
Let z = 33 + -33. Suppose z = -3*n + 110 + 175. Is n a prime number?
False
Suppose 71*w - 55127 = 2978632. Is w a prime number?
False
Let f = -60 + 65. Suppose -2*j + f*j = 2865. Is j a composite number?
True
Let n(x) = 104*x**2 + 8*x + 7. Is n(5) a composite number?
False
Let n(m) = 23*m**2 - 3*m - 2. Let t(q) = -q**3 - 2*q**2 + 3*q - 2. Let s be t(-3). Let f be n(s). Let o = f - 57. Is o a prime number?
False
Suppose 0 = 4*t + 4*x - 816, 3*t - 5*x - 466 = 186. Let w = t + 138. Is w a prime number?
True
Let b(s) = -17*s + 7. Let d be b(9). Suppose 3 = -3*u, 3*n - 603 = 2*u + 440. Let j = n + d. Is j a composite number?
True
Suppose -t = -q + 5*q - 38471, -5*q - 3*t = -48094. Is q prime?
False
Let l = 15 + -8. Is 1/7 + 3366/l prime?
False
Let u = 7608 + -4461. Is u a composite number?
True
Let g(l) be the second derivative of 7*l**4/6 - 2*l**3/3 - 7*l**2 + 24*l. Is g(10) prime?
False
Let l(o) = -9*o + 10. Let s be 10/(-12) - 3/18. Let d(t) = 1. Let w(x) = s*l(x) - 4*d(x). Is w(15) prime?
False
Let m(j) = -j + 9. Let n be m(7). Let k = n + 3. Suppose 0 = -k*u - 3*h + 1816, -2*u + 1445 = 2*u + 5*h. Is u composite?
True
Let c(o) = 82*o**2 + 2*o + 35. Is c(-7) composite?
True
Suppose 0 = -4*n - 12 - 52. Let x = n + 713. Is x prime?
False
Let j be (6/9)/(20/15990). Suppose 690 = 2*d - 2*s, 0 = s - 6*s - 15. Let m = j - d. Is m a prime number?
True
Let d(c) = -7 + 3*c + 4 + 1 - 18. Let y be d(8). Suppose 0 = y*u + 4*i - 1904, 2 = i + 5. Is u prime?
True
Let r be (-12)/(-4)*(-56)/(-12). Let t = 16 - r. Suppose 0 = -h + t*h - 203. Is h composite?
True
Let l(g) = -169*g**3 + 11*g**2 - 40*g - 27. Is l(-7) composite?
True
Let w(a) = 6*a**2 - 37*a + 6. Let r be w(6). Suppose r = 4*t + 4*t - 11512. Is t a composite number?
False
Let q(r) = -181*r**3 + 3*r**2 - 10*r - 7. Is q(-4) composite?
True
Let b(n) = -31*n + 4. Let z = 16 + -21. Is b(z) prime?
False
Let v be -2 + (5 - (1 - -3)). Let y(k) = -108*k + 1. Is y(v) a composite number?
False
Suppose 1879*q = 1880*q - 27479. Is q composite?
False
Let w(b) = -3 + b**2 - b**3 + 9*b**2 + 11*b + 15 - b**2. Let r be w(9). Let o = r - 29. Is o a prime number?
False
Suppose 79*b - 82*b - 3*y + 78870 = 0, y - 52583 = -2*b. Is b a composite number?
False
Is (((-7)/(-3))/7)/(11/576411) composite?
False
Suppose 5*s - 5*v + 2 = -3, -5*s + 3*v = 3. Suppose s = 2*f - 5114 - 3240. Is f a prime number?
True
Let f = -6015 + 10379. Let q = f + -2677. Is q a prime number?
False
Let b = 70 - 60. Is 4/b - -1*(-3212)/(-20) a prime number?
False
Suppose 119*v - 167769 = 110*v. Is v composite?
True
Suppose 5*l = -y + 1718, 2*y + 77 - 3531 = -4*l. Is y prime?
True
Suppose 0 = 8*m - 187136 - 11880. Is m prime?
True
Let w(c) = 4*c**2 + 4*c - 2. Let q(m) = m**3 + m**2 - m - 1. Let u be q(2). Is w(u) a composite number?
True
Suppose -4*s + 2225 = -10231. Let o = -1443 + s. Is o a prime number?
False
Let q(s) = 27*s**2 + 17*s + 19. Let b(o) = 14*o**2 + 8*o + 9. Let y(n) = 5*b(n) - 2*q(n). Is y(5) a prime number?
False
Suppose 4*j = k + k + 3036, -12 = 4*j. Let d = k + 1079. Is (4/(-2))/(5/d) prime?
False
Suppose 0 = 8*u + 39080 - 393040. Is u composite?
True
Suppose -12*i + 128402 = -15154. Is i composite?
True
Let l = 66913 - 46752. Is l prime?
True
Let p(w) = 416*w + 303. Is p(16) a prime number?
True
Suppose 4*o - 9506 = -5*h, 0 = -4*o - o - 2*h + 11874. Is o a composite number?
True
Let x be (7/(-7))/((-1)/2). Suppose -x*w = -5*w - 5*g + 913, 5*w + 2*g = 1528. Suppose -5*a = 3*u - 5*u + 687, -5*a = u - w. Is u composite?
False
Let h be (3 + 0 + -3)/(-1). Suppose 4*t + h*t = 728. Is t*((-6)/4 - -2) a composite number?
True
Let v(s) be the third derivative of s**4/12 + 4*s**3/3 + 10*s**2. Let k be v(-3). Suppose 2*c = m + 3*m + 1256, 5*m = k*c - 1257. Is c a composite number?
True
Let u be (-2)/(3/(-12)*2). Suppose -u = w + 90. Let t = w - -187. Is t a composite number?
True
Let u be (373/3)/(1/12). Suppose 6*m = 2*m + u. Is m a composite number?
False
Suppose -2*c + 35741 = -5*x, -5*c - x + 0*x = -89312. Is c prime?
True
Suppose -4*d = -3*g - 206, 0 = -2*g + 3*g - d + 67. Let a = g + 149. Suppose h = 44 + a. Is h a composite number?
False
Suppose -2*z + 4*z = o + 11, 24 = o + 5*z. Let t(r) = 4*r - 5*r - 18*r**2 + 18*r**2 + 78*r**2. Is t(o) prime?
True
Suppose -58 = 3*t - 724. Let f = t - 125. Is f composite?
False
Let h(n) = 9*n**2 + 14*n - 248. Is h(-33) a composite number?
False
Let r be (-2)/(-11) + (-30010)/(-110). Let b be 12/(-2) - (0 + 0). Is b/(-9) + r/9 composite?
False
Is (-1)/5 - 322422/(-85) a composite number?
False
Is ((-23367)/12)/((-25)/100) a prime number?
True
Suppose -8633 = -10*z + 77457. Is z a composite number?
False
Suppose -h = -2, 0 = i + 2*i - h - 100435. Is i a composite number?
False
Suppose 4*v + 2*p - 4*p = -6378, -7971 = 5*v - 2*p. Let w = v - -2382. Is w composite?
True
Suppose m + 4*b - 4017 = -2*m, -3*b - 2661 = -2*m. Suppose 2*z + v + 690 = 0, -4*v - 41 = 4*z + m. Let g = z + 537. Is g composite?
False
Let i(c) = -126*c**3 + 2*c + 3. Let n be (-12)/(-9) + 14/21. Let d(q) = -251*q**3 + q**2 + 5*q + 7. Let h(s) = n*d(s) - 5*i(s). Is h(1) prime?
False
Suppose 10 = -11*v + 10*v. Is 8*38 - 30/v composite?
False
Let t be (-7)/(105/(-18))*-5. Let f(c) = 4*c**2 + 12*c + 1. Let l(y) = -y**2 - y - 1. Let u(g) = t*l(g) - f(g). Is u(8) composite?
True
Let a(o) = -5*o**2 + 9*o - 1. Let m = -10 + 16. Let b be a(m). Let j = 262 - b. Is j composite?
False
Let f(h) = 469*h - 8. Let u be f(-1). Let b = -212 - u. Is b a composite number?
True
Let u(f) = -20*f. Let t be u(-3). Let y = t + -5. Is y a composite number?
True
Suppose 4 = 2*z + 20. Let i = z + 3. Is 4 - 1 - 55/i composite?
True
Let x = -76 + 113. Is (x*3/(-6))/((-4)/88) a prime number?
False
Let 